{"id":7670,"date":"2020-09-20T19:13:59","date_gmt":"2020-09-20T19:13:59","guid":{"rendered":"http:\/\/monstermovie.com.br\/light\/?page_id=7670"},"modified":"2024-06-05T14:52:58","modified_gmt":"2024-06-05T17:52:58","slug":"matheus-heinz","status":"publish","type":"page","link":"https:\/\/monstermovie.com.br\/light\/matheus-heinz\/","title":{"rendered":"Matheus Heinz"},"content":{"rendered":"<div class=\"wpb-content-wrapper\"><p>[vc_row el_class=&#8221;director&#8221;][vc_column width=&#8221;1\/4&#8243; css=&#8221;.vc_custom_1606316137984{padding-left: 150px !important;}&#8221;][vc_column_text]<\/p>\n<h2 style=\"text-align: left;\"><strong>Matheus Heinz<\/strong><\/h2>\n<p>[\/vc_column_text][vc_single_image image=&#8221;11962&#8243; img_size=&#8221;100&#215;100&#8243; style=&#8221;vc_box_rounded&#8221; css=&#8221;.vc_custom_1622470843968{margin-top: 30px !important;margin-right: 35px !important;margin-bottom: 30px !important;}&#8221;][vc_column_text]<\/p>\n<div style=\"text-align: left;\">\n<div class=\"default-style\">Matheus Heinz \u00e9 diretor, roteirista e animador de filmes, videoclipes e publicidade.<\/div>\n<div class=\"default-style\">Formado em Realiza\u00e7\u00e3o Audiovisual, Matheus Heinz participou de importantes festivais nacionais e internacionais, recebendo os pr\u00eamios de Melhor Produ\u00e7\u00e3o Executiva no Festival de Cinema de Gramado pelo curta animado &#8220;Lacrimosa&#8221;. No mesmo festival, tamb\u00e9m foi premiado com Melhor Montagem pelo filme &#8220;Codinome Beija-flor&#8221;. Com o videoclipe animado &#8220;Dinheiro&#8221; da banda 50 Tons de Pretas, participou da segunda edi\u00e7\u00e3o do Los Angeles International Music Video, concorrendo na categoria de Melhor Clipe de Anima\u00e7\u00e3o.<\/div>\n<div class=\"default-style\">Ultimamente Matheus Heinz trabalha com anima\u00e7\u00f5es cut-out, tendo colaborado com importantes nomes da cena art\u00edstica contempor\u00e2nea como Romy Pocztaruk e grandes marcas, como a revista de moda Vogue.<\/div>\n<\/div>\n<p>[\/vc_column_text][\/vc_column][vc_column width=&#8221;3\/4&#8243; css=&#8221;.vc_custom_1606316242516{margin-top: 100px !important;background-position: center !important;background-repeat: no-repeat !important;background-size: contain !important;}&#8221;][vc_video link=&#8221;https:\/\/vimeo.com\/954072841&#8243;][\/vc_column][\/vc_row]<\/p>\n<\/div>","protected":false},"excerpt":{"rendered":"<p>[vc_row el_class=&#8221;director&#8221;][vc_column width=&#8221;1\/4&#8243; css=&#8221;.vc_custom_1606316137984{padding-left: 150px !important;}&#8221;][vc_column_text] Matheus Heinz [\/vc_column_text][vc_single_image image=&#8221;11962&#8243; img_size=&#8221;100&#215;100&#8243; style=&#8221;vc_box_rounded&#8221; css=&#8221;.vc_custom_1622470843968{margin-top: 30px !important;margin-right: 35px !important;margin-bottom: 30px !important;}&#8221;][vc_column_text] Matheus Heinz \u00e9 diretor, roteirista e animador de filmes, videoclipes e publicidade. Formado em Realiza\u00e7\u00e3o Audiovisual, Matheus Heinz participou de importantes [&hellip;]<\/p>\n","protected":false},"author":2,"featured_media":0,"parent":0,"menu_order":0,"comment_status":"closed","ping_status":"closed","template":"full-width.php","meta":{"footnotes":""},"class_list":["post-7670","page","type-page","status-publish","hentry"],"_links":{"self":[{"href":"https:\/\/monstermovie.com.br\/light\/wp-json\/wp\/v2\/pages\/7670","targetHints":{"allow":["GET"]}}],"collection":[{"href":"https:\/\/monstermovie.com.br\/light\/wp-json\/wp\/v2\/pages"}],"about":[{"href":"https:\/\/monstermovie.com.br\/light\/wp-json\/wp\/v2\/types\/page"}],"author":[{"embeddable":true,"href":"https:\/\/monstermovie.com.br\/light\/wp-json\/wp\/v2\/users\/2"}],"replies":[{"embeddable":true,"href":"https:\/\/monstermovie.com.br\/light\/wp-json\/wp\/v2\/comments?post=7670"}],"version-history":[{"count":4,"href":"https:\/\/monstermovie.com.br\/light\/wp-json\/wp\/v2\/pages\/7670\/revisions"}],"predecessor-version":[{"id":317537,"href":"https:\/\/monstermovie.com.br\/light\/wp-json\/wp\/v2\/pages\/7670\/revisions\/317537"}],"wp:attachment":[{"href":"https:\/\/monstermovie.com.br\/light\/wp-json\/wp\/v2\/media?parent=7670"}],"curies":[{"name":"wp","href":"https:\/\/api.w.org\/{rel}","templated":true}]}}